
9
What is the hundreds digit of 820?
8
What is the hundreds digit of 15307?
3
What is the thousands digit of 5231?
5
What is the thousands digit of 2878?
2
What is the ten thousands digit of 52315?
5
What is the thousands digit of 6448?
6
What is the ten thousands digit of 95541?
9
What is the units digit of 1178?
8
What is the tens digit of 5238?
3
What is the units digit of 8042?
2
What is the hundreds digit of 6447?
4
What is the hundreds digit of 907?
9
What is the units digit of 1102?
2
What is the ten thousands digit of 37196?
3
What is the units digit of 2554?
4
What is the units digit of 70563?
3
What is the thousands digit of 34631?
4
What is the units digit of 47780?
0
What is the tens digit of 3367?
6
What is the thousands digit of 70289?
0
What is the units digit of 827?
7
What is the hundreds digit of 2899?
8
What is the tens digit of 3396?
9
What is the thousands digit of 4034?
4
What is the units digit of 4925?
5
What is the ten thousands digit of 10789?
1
What is the thousands digit of 4166?
4
What is the thousands digit of 63697?
3
What is the tens digit of 1649?
4
What is the units digit of 57035?
5
What is the tens digit of 109316?
1
What is the hundreds digit of 1755?
7
What is the thousands digit of 1261?
1
What is the units digit of 13339?
9
What is the units digit of 1176?
6
What is the tens digit of 4752?
5
What is the hundreds digit of 4489?
4
What is the tens digit of 17506?
0
What is the hundreds digit of 1633?
6
What is the hundreds digit of 1741?
7
What is the tens digit of 1455?
5
What is the ten thousands digit of 20622?
2
What is the thousands digit of 10311?
0
What is the hundreds digit of 609?
6
What is the thousands digit of 16785?
6
What is the tens digit of 3823?
2
What is the hundreds digit of 22241?
2
What is the units digit of 933?
3
What is the hundreds digit of 49789?
7
What is the thousands digit of 2950?
2
What is the hundreds digit of 23374?
3
What is the ten thousands digit of 22210?
2
What is the thousands digit of 3152?
3
What is the thousands digit of 3515?
3
What is the tens digit of 183?
8
What is the tens digit of 512?
1
What is the hundreds digit of 172108?
1
What is the units digit of 66673?
3
What is the thousands digit of 2763?
2
What is the tens digit of 23775?
7
What is the tens digit of 67?
6
What is the units digit of 848?
8
What is the units digit of 1254?
4
What is the units digit of 512?
2
What is the units digit of 43266?
6
What is the hundreds digit of 14503?
5
What is the hundreds digit of 2837?
8
What is the thousands digit of 76075?
6
What is the thousands digit of 1330?
1
What is the tens digit of 10561?
6
What is the thousands digit of 30136?
0
What is the thousands digit of 18706?
8
What is the units digit of 11938?
8
What is the ten thousands digit of 82811?
8
What is the hundreds digit of 20554?
5
What is the hundreds digit of 2524?
5
What is the hundreds digit of 292?
2
What is the ten thousands digit of 16238?
1
What is the hundreds digit of 1237?
2
What is the units digit of 26711?
1
What is the units digit of 44583?
3
What is the tens digit of 589?
8
What is the thousands digit of 2689?
2
What is the ten thousands digit of 10906?
1
What is the thousands digit of 8275?
8
What is the tens digit of 6851?
5
What is the units digit of 24170?
0
What is the hundreds digit of 194029?
0
What is the hundreds digit of 4216?
2
What is the thousands digit of 5604?
5
What is the units digit of 1691?
1
What is the hundreds digit of 98178?
1
What is the units digit of 7245?
5
What is the tens digit of 2079?
7
What is the units digit of 1025?
5
What is the units digit of 734?
4
What is the units digit of 5?
5
What is the units digit of 10564?
4
What is the units digit of 2011?
1
What is the hundreds digit of 129?
1
What is the tens digit of 807?
0
What is the thousands digit of 10300?
0
What is the tens digit of 9163?
6
What is the thousands digit of 5035?
5
What is the thousands digit of 1236?
1
What is the hundreds digit of 119?
1
What is the thousands digit of 10218?
0
What is the thousands digit of 4120?
4
What is the tens digit of 428?
2
What is the units digit of 1231?
1
What is the tens digit of 34705?
0
What is the hundreds digit of 2497?
4
What is the hundreds digit of 2591?
5
What is the ten thousands digit of 21008?
2
What is the thousands digit of 2919?
2
What is the tens digit of 62195?
9
What is the hundreds digit of 382?
3
What is the hundreds digit of 3122?
1
What is the tens digit of 3634?
3
What is the thousands digit of 67313?
7
What is the hundreds digit of 578?
5
What is the hundreds digit of 6821?
8
What is the hundreds digit of 2108?
1
What is the hundreds digit of 789?
7
What is the tens digit of 5601?
0
What is the units digit of 3720?
0
What is the thousands digit of 13223?
3
What is the units digit of 701?
1
What is the hundreds digit of 920?
9
What is the units digit of 173?
3
What is the tens digit of 1016?
1
What is the thousands digit of 8141?
8
What is the units digit of 2582?
2
What is the units digit of 7672?
2
What is the units digit of 2509?
9
What is the tens digit of 736?
3
What is the hundreds digit of 1248?
2
What is the units digit of 3787?
7
What is the units digit of 272?
2
What is the tens digit of 1373?
7
What is the tens digit of 1693?
9
What is the thousands digit of 1770?
1
What is the hundreds digit of 382?
3
What is the tens digit of 16211?
1
What is the thousands digit of 1840?
1
What is the thousands digit of 5675?
5
What is the units digit of 1089?
9
What is the thousands digit of 29135?
9
What is the hundreds digit of 5620?
6
What is the hundreds digit of 37810?
8
What is the thousands digit of 1115?
1
What is the tens digit of 30723?
2
What is the thousands digit of 5693?
5
What is the units digit of 991?
1
What is the hundreds digit of 51940?
9
What is the thousands digit of 3232?
3
What is the ten thousands digit of 30948?
3
What is the tens digit of 8595?
9
What is the hundreds digit of 6409?
4
What is the tens digit of 444?
4
What is the units digit of 24772?
2
What is the tens digit of 390?
9
What is the tens digit of 821?
2
What is the tens digit of 13158?
5
What is the ten thousands digit of 10241?
1
What is the thousands digit of 1352?
1
What is the hundreds digit of 6558?
5
What is the thousands digit of 7358?
7
What is the units digit of 17447?
7
What is the units digit of 16900?
0
What is the tens digit of 43?
4
What is the units digit of 628?
8
What is the tens digit of 11828?
2
What is the tens digit of 9154?
5
What is the units digit of 4662?
2
What is the tens digit of 109065?
6
What is the thousands digit of 5212?
5
What is the tens digit of 834?
3
What is the tens digit of 816?
1
What is the tens digit of 1418?
1
What is the tens digit of 2267?
6
What is the hundreds digit of 1377?
3
What is the thousands digit of 19458?
9
What is the hundreds digit of 5937?
9
What is the hundreds digit of 510?
5
What is the tens digit of 1587?
8
What is the units digit of 1853?
3
What is the tens digit of 88984?
8
What is the tens digit of 3335?
3
What is the tens digit of 285?
8
What is the hundreds digit of 653?
6
What is the tens digit of 6261?
6
What is the units digit of 473?
3
What is the units digit of 13907?
7
What is the tens digit of 3096?
9
What is the units digit of 2546?
6
What is the ten thousands digit of 17265?
1
What is the units digit of 77597?
7
What is the units digit of 857?
7
What is the hundreds digit of 4874?
8
What is the thousands digit of 1756?
1
What is the units digit of 866?
6
What is the units digit of 2694?
4
What is the units digit of 28?
8
What is the hundreds digit of 411?
4
What is the tens digit of 21636?
3
What is the tens digit of 16?
1
What is the units digit of 2254?
4
What is the ten thousands digit of 27525?
2
What is the ten thousands digit of 84734?
8
What is the hundreds digit of 12490?
4
What is the thousands digit of 3828?
3
What is the ten thousands digit of 76347?
7
What is the thousands digit of 18759?
8
What is the tens digit of 83231?
3
What is the hundreds digit of 354?
3
What is the units digit of 2820?
0
What is the hundreds digit of 10201?
2
What is the hundreds digit of 41915?
9
What is the units digit of 860?
0
What is the tens digit of 818?
1
What is the tens digit